 = 729 + k. What are the prime factors of x?
5, 13
Suppose -2*a = -4*w + 6, -2*w = 3*a - 5*a - 4. Let p be ((-5)/(-15))/(a/(-6)). What are the prime factors of ((-5)/3)/(p/(-30))?
5
Suppose 26*b = 22*b + 3*s + 151269, 3*b - s = 113458. What are the prime factors of b?
3, 7, 1801
Let s = 24 + -17. Let n(p) = 8*p - 7. Let w(t) = -8*t + 6. Let i(d) = -5*n(d) - 6*w(d). What are the prime factors of i(s)?
5, 11
Let d(s) = -s**2 - 19*s + 15. Suppose 14*y = 15*y + 1. Let a be (-1 + -2)/y + 0 + -12. List the prime factors of d(a).
3, 5, 7
Let h = -326 - -328. List the prime factors of (10 + 780/(-105))/(h/476).
2, 3, 17
Let a = 5007 - 642. Suppose a = 5*m - 2*n, -2*m + n + 1018 + 727 = 0. List the prime factors of m.
5, 7
Let k = -36 + 29. Let x(b) = -15*b**2 - 14*b - 21. Let a(w) = 8*w**2 + 6*w + 10. Let r(j) = 11*a(j) + 6*x(j). What are the prime factors of r(k)?
2, 3
Let x = 38927 - 15033. List the prime factors of x.
2, 13, 919
Let b = -108 - -110. Suppose -3*i + 4*r + 746 = 0, 0*i + b*r = -4*i + 958. What are the prime factors of i?
2, 11
Let i(w) = -49*w**2 + 3*w + 2. Suppose -2 = -7*o + 9*o. Let g be i(o). What are the prime factors of (-1)/((-5)/5) - g?
3, 17
Suppose z + 224 = -2*c, 5*z = -4*c + 7*z - 432. Let o = 152 + c. What are the prime factors of o?
2, 3, 7
Suppose -g + 22 = -0*g - 5*l, -4*g - 2*l = 22. Let i be g*((-1280)/(-12))/(-5). Suppose -3*b = -5*o - 250, 42 = b + 4*o - i. List the prime factors of b.
2, 3, 5
Let o(f) = 148*f + 3. Suppose 3 = -3*q, -4*i = -7*i - 4*q + 287. Let r = 98 - i. List the prime factors of o(r).
151
Suppose 66417 - 382989 = -69*w. What are the prime factors of w?
2, 31, 37
Let p be (-1)/2 - 11/(-2). Suppose 4*o - 1595 = -5*b, 0 = p*b - 4*o + 18 - 1653. Suppose 4*x - 4*s - 400 = 0, 3*x - 4*s = -20 + b. List the prime factors of x.
97
Suppose 11 - 8 = -3*y. Let n = 3 + y. List the prime factors of 6/(11/(781/n)).
3, 71
What are the prime factors of 52/(-338) + (-339330)/(-26)?
31, 421
Suppose 0 = 4*j - 5*i - 219560, -47*i + 274450 = 5*j - 48*i. What are the prime factors of j?
2, 5, 11, 499
Let r be -2*((-10)/(-5) - 3). Let s be -1 + r - 36/9. List the prime factors of s + 7 - 424/(-4).
2, 5, 11
Let h = 343 - 150. Let t = 131 - h. Let m = 66 - t. What are the prime factors of m?
2
Let d(n) = -5*n + 26. Let o = 56 - 52. Let p be d(o). Let j(y) = 5*y + 15. List the prime factors of j(p).
3, 5
Let w = -9 - -10. Let q(n) = 267*n**3 - 2*n**2 + n. List the prime factors of q(w).
2, 7, 19
Suppose 0 = 202*c - 197*c - 30, -p - 2*c = -13991. List the prime factors of p.
7, 1997
Let y be 126/10 - (-9)/(-15). Let m = y - 12. Suppose -4*p + 89 + 539 = m. List the prime factors of p.
157
Let y(n) = 220*n - 87 + 126 - 60*n. List the prime factors of y(2).
359
Let s = -37 - -37. Suppose s = 3*b - 0*b. Suppose 2*r - 5*r - 5*z = -143, -3*r + 4*z + 161 = b. List the prime factors of r.
3, 17
Suppose 60597 + 192595 = 8*h. What are the prime factors of h?
31649
Suppose 4*n - 5*n + 9888 = n. What are the prime factors of n?
2, 3, 103
Suppose 58 = -3*q - 26. Let d = q + 34. List the prime factors of (590/d - -3)*(2 - -1).
2, 19
Suppose -30*f = -180218 - 234699 + 33137. What are the prime factors of f?
2, 3, 7, 101
Suppose -5*p + 80 = 55. Suppose 4*u - 5*b + 3844 = 7*u, 0 = -p*u - 2*b + 6432. What are the prime factors of u?
2, 7, 23
Suppose -77*p = -75*p - q - 82913, 41455 = p - 2*q. List the prime factors of p.
3, 13, 1063
Suppose -49 = 8*o - 105. Let j(f) = 14 + f**2 + 0*f + 0*f - 3*f. What are the prime factors of j(o)?
2, 3, 7
Suppose 57 = r + 4*o, 0 = -2*r + o + 32 + 37. Suppose 14*t = 13*t + r. Suppose 0*c = -c + t. List the prime factors of c.
37
Suppose -4*m = -0*c - 2*c + 26, 7 = 2*m + 3*c. Let i be 5/((-10)/m) + 0 + 1. Suppose i*x + 125 = 554. What are the prime factors of x?
11, 13
Let v = -418 + 416. Let z(a) = -5*a**3 - 2*a**2 + 2*a + 6. List the prime factors of z(v).
2, 17
Let d(n) = -266*n + 30. Suppose 0 = -13*u + 1 - 14. What are the prime factors of d(u)?
2, 37
Suppose 5*c + 3 = 4*q - 3, 0 = q - c - 2. Suppose 0 = q*j + 60 - 80. Suppose -j*a - 2*z + 620 = 0, -7*z - 20 = -3*z. What are the prime factors of a?
2, 3, 7
Let j(m) = m**3 - 2*m**2 - 17*m + 13. Let c be j(5). List the prime factors of c*1 + (-6 - -802).
17, 47
Let v(x) = x**2 + x - 6. Let f be v(7). Let i = f - 48. Suppose 212 = -0*p + i*p. What are the prime factors of p?
2, 53
Suppose -5*z - 3*p + 2*p + 265 = 0, -4*z + 211 = p. Let a = 58 - z. Suppose -2*w = a*w - 138. List the prime factors of w.
23
Let d(v) = 21*v**3 + 2*v**2 + 10*v - 4. Let n be d(4). List the prime factors of n/28*(14 + -7).
353
Let w be (30/9*75)/2. Suppose 24*f - 19*f = w. What are the prime factors of ((-140)/25)/((-1)/f)?
2, 5, 7
Let v = 607 + -362. Let u = v + 233. List the prime factors of u.
2, 239
Suppose -4*g - 3*d - 6 = -20, 5*g + 5*d = 20. Suppose -3*h - 1451 = 2*o - 4478, g*o + 1009 = h. List the prime factors of h.
1009
Let z(x) = 23*x - 27. Let v be z(10). Let p = -91 + v. Let l = p - 45. What are the prime factors of l?
67
Let g(u) = u**3 + 7*u**2 - 7*u**2 - 4*u**2 - 2 + u. Let o be g(3). Let y(i) = 3*i**2 + 15*i - 6. List the prime factors of y(o).
2, 3, 11
Let q = -370 + 384. Suppose -p + q*i + 1465 = 17*i, -p + 1435 = -3*i. List the prime factors of p.
2, 5, 29
What are the prime factors of ((-12)/(-14))/((-26)/(-64701))?
3, 79
Suppose -2561 = 5*z + 5*u - 8311, 4*z = 5*u + 4627. Let l = z - 852. List the prime factors of l.
7, 43
Let f(c) = 62*c + 18. Let o(y) = 124*y + 35. Let t(x) = 11*f(x) - 6*o(x). List the prime factors of t(-15).
2, 3, 17
Let a = -842 - -846. Suppose -24*t - 2459 = -3*l - 20*t, a*t - 3316 = -4*l. List the prime factors of l.
3, 5, 11
Let f(v) = -v**3 + v - 1. Let s be f(-2). Let x(y) = y**3 - 8*y**2 + 2*y + 5. Let h be x(11). Suppose 0 = -2*z, 0*j - z + h = s*j. List the prime factors of j.
2, 3, 13
Let p(v) be the second derivative of 25*v**3/6 + 137*v**2/2 + 10*v - 1. List the prime factors of p(5).
2, 131
Let i = 95 + -65. Suppose 8*n - i = 26. Suppose -v + 5*u + 136 = 0, n*v + 5*u - 680 = 2*v. What are the prime factors of v?
2, 17
Let c = 9968 - 4860. What are the prime factors of c?
2, 1277
Let z be 2 - -194 - (-5 - -1). Suppose -2*d = -5*b - z, -14*d + 305 = -11*d - 5*b. List the prime factors of d.
3, 5, 7
Let q = -3 + 23. Suppose 8*d + 7008 = q*d. What are the prime factors of d?
2, 73
Let c(n) = -n**3 - 8*n**2 - 10*n - 46. Let h be c(-8). What are the prime factors of 13256/h - (-4)/34?
2, 3, 5, 13
Let f = 121 + -253. What are the prime factors of (-24)/f - (-16232)/22?
2, 3, 41
Suppose -338*g + 127230 = -333*g + 2*c, -25428 = -g - 4*c. List the prime factors of g.
2, 3181
Suppose z = -2*b + 1108, -7*z + 4*z + 559 = b. Suppose y - 5*n = b, 4*y + 5*n - 2742 + 430 = 0. List the prime factors of y.
3, 191
Let v(q) = 17*q**2 - 128*q + 518. List the prime factors of v(4).
2, 139
Suppose 9*v = 20*v - 12375. Let s = -764 + v. List the prime factors of s.
19
Suppose -n = 159 + 43. Let f = -98 - n. What are the prime factors of f?
2, 13
Let o(v) = -5486*v - 1767. What are the prime factors of o(-8)?
73, 577
Let f(p) = 24*p. Let y(v) = v**2 - 20*v + 43. Let i be y(19). Let w be i/15 + 0 + (-12)/(-30). List the prime factors of f(w).
2, 3
Let c = -436 - -6466. List the prime factors of c.
2, 3, 5, 67
Suppose -7*b + 10 + 4 = 0. Let w(f) = -184*f**2 - 182*f**b + 357*f**2 - 13 - f**3 - 10*f. List the prime factors of w(-9).
7, 11
Suppose 42 = -16*s + 9*s. Let d be 4 - ((-436)/3 - 2/s). Suppose 0 = 2*j - 4*k - 298, -d = 2*j + 5*k - 483. What are the prime factors of j?
157
Let h(k) = -6*k**3 - 8*k**2 + 7*k - 25. Let d be h(10). List the prime factors of ((-5)/15)/(-2 - d/3378).
2, 563
Let y(l) = -3*l**2 - 44*l + 15. Let x be y(-15). Suppose -5*w - 567 = -5*n + n, x = 4*w - 4. What are the prime factors of n?
11, 13
Suppose 0 = 2*s - 3*f - 20219, -3*s + 23665 = 5*f - 6635. What are the prime factors of s?
5, 43, 47
Suppose 24*w = 90*w - 271794 + 22974. List the prime factors of w.
2, 5, 13, 29
Suppose 188 - 3296 = -4*n. Suppose -n = -c + 8*v - 6*v, -1549 = -2*c + 5*v. List the prime factors of c.
787
Let u(s) = -3*s**2 + 7*s + 19. Let f be u(5). List the prime factors of 93/(-21) - -4 - 16158/f.
769
Let s(z) = 36*z + 3. Let x be s(-6). Let c